 p(b) = u + 1 - 2 - b. Let d be 2/(-6) - (-10)/3. Determine p(d).
1
Suppose c + 3*c = 5*p - 54, -5*c - 65 = -5*p. Let a = c - -35. Suppose a = 3*o + o. Let l(x) = x**2 - 6*x - 1. What is l(o)?
-1
Let l be 2/9 - (-100)/36. Let z(m) = m**3 - 2*m**2 - m - 3. Let s be z(l). Let p(u) = u + 1. Give p(s).
4
Let m be 112/63 + 4/18. Let v(x) = -x**3 + 2*x**2 + 2*x - 1. Let w be v(m). Let a(d) = 3*d - 16. Let o(r) = r - 4. Let k(l) = 2*a(l) - 9*o(l). Give k(w).
-5
Let x = -12 - -9. Let i(g) = g**3 + 2*g**2 + 2*g + 1. Determine i(x).
-14
Suppose -j - 16 + 2 = -c, 2*c = 6. Let u = 20 + j. Let z(i) = -9*i + i**2 + 0*i**2 + i + u. What is z(6)?
-3
Let f(t) = t**3 - 2*t**2 - 2*t + 2. Let m be f(2). Let o(y) = 0*y + 2*y + 3 + 0*y. Give o(m).
-1
Let u = -3 - -19. Suppose -4*t - 4*y - u = 0, 17 = 2*t - y - 2*y. Let v(i) = 6*i. Let a(z) = z. Let m(k) = 21*a(k) - 4*v(k). What is m(t)?
-3
Let h be (-12)/28 - (-64)/(-14). Let o(f) = f + 1. What is o(h)?
-4
Suppose 0 = -2*b + 3*b + 19. Let c = -19 - b. Let n(v) = -v**2 + 6. Calculate n(c).
6
Let d(u) = 2*u**2 - 5*u - 3. Suppose -14*v + 8 = -12*v. Suppose v*b + 0*b - 16 = 0. Calculate d(b).
9
Let i(r) = 3*r - 1. Suppose -k + 5*k - 8 = 0. Suppose 3*h = 4*h + k. Calculate i(h).
-7
Let s(q) be the first derivative of 7*q**3/3 - q**2/2 + 50. Give s(1).
6
Let o = 2 - -2. Suppose s = -3*g + 10, -2*s + 5*g = -0*g + 13. Let q(u) = u**2 - s + u**3 + 4*u - u**2 - 5*u**2. Determine q(o).
-1
Suppose 2*t = -2*t - u + 14, 10 = t - 3*u. Suppose -2*c - t = 4. Let d(y) be the first derivative of -y**3/3 - 7*y**2/2 - 5*y + 1. What is d(c)?
7
Let q(x) = -x**3 - 4*x**2 + 5*x + 5. Let t = -12 - -17. Suppose 0*d - d = t. Give q(d).
5
Let p(q) = -5*q + 1. Suppose 4*r + 4*t = -28, -5*r + 2*t = 5*t + 25. What is p(r)?
11
Let s(x) = x**2 + 19*x + 20. Let u be s(-18). Let c(k) = -u*k**3 - 5*k**3 + 2*k + 3*k**3 - k. Determine c(-1).
3
Let t(b) be the third derivative of b**6/720 + b**5/24 - b**4/24 + 3*b**2. Let y(k) be the second derivative of t(k). Give y(-5).
0
Let z(n) = n - 3. Suppose -4*y + 24 = -r, -2*y - r + 5 = -1. Calculate z(y).
2
Let z(q) = -q**2 - 4*q + 4. Let t = 4 - 1. Suppose 0 = t*y + c + 10, 3*c = -2*y + 3 + 2. Give z(y).
-1
Let k(b) = b + 6. Suppose 2*n = -q - 8, 3*q - 7*n = -4*n + 12. Give k(q).
6
Let x(t) = -t**3 + 5*t**2 - 5*t + 2. Suppose 2*d - 18 = 3*m - 7*m, -3*m + 11 = -d. Calculate x(m).
-2
Let h(m) be the first derivative of m**2/2 + 4*m - 334. Let k be 6/(-2)*1 - 1. Calculate h(k).
0
Suppose -4*s - l - 33 = -2*s, 0 = 5*s + 3*l + 80. Let i = 21 + s. Let d(u) = 3*u**3 - 3*u**2 + 3*u - 3. Calculate d(i).
15
Let p(d) = 2*d**2 - d + 1. Let g be p(1). Let u = -1 - g. Let s(f) = -f**3 - 4*f**2 - 3*f + 3. Determine s(u).
3
Let f(x) be the third derivative of x**5/60 + x**4/24 - 13*x**2 - 2. Give f(-2).
2
Let y(v) be the second derivative of -v**3/6 + v**2 - v. What is y(5)?
-3
Suppose -8*w + 0 - 16 = 0. Let u(n) = 5*n**2 + 2*n - 1. Determine u(w).
15
Let v(l) = -l - 11. Let i be v(-11). Let u(o) = -o + 10. Calculate u(i).
10
Let v(t) = -t**3 - 6*t**2 - 5*t - 7. Let q(x) = 2*x**3 - 3*x**2 + 2*x - 1. Let u be q(2). Suppose -u*b = -3*b + 20. What is v(b)?
-7
Let n(i) = 2*i - 1. Let c(u) = u**2 - 5*u + 14. Let t(d) = -c(d) - 6*n(d). What is t(-6)?
-2
Let t = -1 + 4. Suppose -4*n - t + 15 = 0. Let u(v) = 4*v**2 - v**3 + 6*v + 3*v**n - 6 - 3*v**3. Calculate u(5).
-1
Let c(a) = -a**3 + 4*a**2 - a + 1. Let l be (2 - 3) + 3 + 0. Suppose -4*x - 20 = 0, -g - 6 - 2 = l*x. Determine c(g).
7
Let k(a) = -4*a + 3. Let c(v) be the first derivative of v**3/3 - 3*v**2 - 6*v + 3. Let u be c(6). Let x be (-10)/u - (-3)/9. Give k(x).
-5
Let t(c) = c**2 - 7*c + 4. Let a be -7 + -2 + (-1 - -2). Let n(m) = -m**3 - 8*m**2 - m - 3. Let g be n(a). What is t(g)?
-6
Let g(v) be the second derivative of v**4/12 - v**3/6 - v**2 + 4*v. Let f be ((-7)/21)/((-2)/(-18)). Determine g(f).
10
Let d = 121 - 128. Let m(b) = b**2 + 6*b - 1. What is m(d)?
6
Let y(n) be the third derivative of n**6/15 + n**5/30 - n**3/6 + 13*n**2. What is y(-1)?
-7
Suppose 2*q - 7 = 3*p + 8, p - 3*q + 5 = 0. Let o(f) be the third derivative of 0 + 0*f + 1/3*f**4 + 1/60*f**5 + 7/6*f**3 - f**2. Determine o(p).
-8
Let q = -11 - -8. Let j = 24 - 22. Let a(f) = 3*f. Let c(t) = -1. Let n(i) = j*c(i) - a(i). What is n(q)?
7
Let g = -3 - -9. Let w(l) = 2 - 7 - l**2 + g*l + 7. Calculate w(6).
2
Suppose -3*q + 18 = -3*o, -2*q = 2*q + 4*o. Let h(g) = 0 - 2*g + q + g - 2. What is h(0)?
1
Let l(q) = -q**2 + 64 + 2*q**2 - 57 - 8*q. Let x(a) = -a**2 + 5*a + 2. Let s be x(4). Determine l(s).
-5
Suppose -3*c - 5*p + 40 = 0, 3*c - 30 = -0*c - 3*p. Let i(g) = -2*g - 9. Let x be i(-6). Let l(o) = 4*o - x*o + 5 - 3*o. Calculate l(c).
-5
Let a(g) = g**3 - 4*g**2 - 4*g. Let j be a(5). Let d(c) = 6 + c**3 + 3*c + 0 - 6*c**2 + 3*c. Determine d(j).
11
Let p(y) = -7*y - 4 + 0 + 3 + 2*y. Calculate p(1).
-6
Let z(s) = 0*s - s**2 - 5*s + 7*s - 9 + 6*s. Let b be z(6). Let y(f) = -b*f - 1 + 0 - 2 - 2*f**2 + 3*f**2. Calculate y(4).
1
Let n(c) = 5*c**3 - 13*c**2 + 5*c. Let k(a) = 2*a**3 - 6*a**2 + 2*a. Let l(j) = -7*k(j) + 3*n(j). Determine l(-2).
2
Let x(j) = j**3 - j**2 - 2*j + 2. Let t be x(2). Let r = t + 2. Let z(o) = -o**3 + 3*o**2 + 4*o - 4. Let n(w) = w + 1. Let a(g) = -2*n(g) - z(g). What is a(r)?
-6
Let z(s) = s**2 + 4*s - 1. Suppose -2*h = -8 - 4. Let q be (-50)/15 - 4/h. Determine z(q).
-1
Let m be (5/(-10))/(2/(-8)). Let h be 1/4 + 22/8. Let v(n) = n**3 + h*n - 4*n + 0 + 1. Determine v(m).
7
Let q(k) = -11 + 6 + 12 + k**3 - 5*k**2. What is q(5)?
7
Let h(l) = -3*l - 2*l + 3*l**2 - l**3 + 2*l**3 + 3 + 7*l. Determine h(-3).
-3
Let u = -10 - -19. Suppose -5*h - 12 = -h, 3*y - 3*h + u = 0. Let r(m) = m**3 + 5*m**2 - 7*m. Give r(y).
6
Let v(m) = -18*m + 23. Let w be v(2). Let p(u) = -u**3 - 14*u**2 - 13*u - 8. What is p(w)?
-8
Suppose -64*q - 30 = -58*q. Let v(l) = 2*l**2 + 7*l + 6. Calculate v(q).
21
Let z(f) = -f + 2. Let g(r) = -r**2 - 10*r - 11. Suppose 3*u = -4 - 23. Let m be g(u). Let t be (0*(-2)/m)/(-1). Give z(t).
2
Suppose x + k + 3 = 0, 3*k + 4 + 8 = 0. Suppose -2*d - d = 0. Let t(c) = -6*c + d*c + c. Calculate t(x).
-5
Let m(d) = 2*d**3 + 2*d**2 - 3*d - 2. Let b be 1/(-3) + (-10)/6. Calculate m(b).
-4
Let u be 2/7 - 69/21. Let f(r) be the first derivative of -r**2/2 + r + 1. Let k be f(u). Let b(g) = g**3 - 4*g**2 - g + 1. Calculate b(k).
-3
Let b(a) = 4 - 4 - a. Let p(h) = -5*h - 1. Let v(m) = -6*b(m) + p(m). Let y(i) = -i**2 - 1. Let r be y(-2). Calculate v(r).
-6
Let l(j) = j**2 - 10*j + 4. Let i be 4/4*(-18)/(-2). Calculate l(i).
-5
Let y(n) be the third derivative of n**7/84 + n**6/180 - n**4/24 + 3*n**3/2 + 2*n**2. Let d(k) be the first derivative of y(k). Give d(-1).
-9
Let l be -2 + 0*(-4)/16. Let y(p) = -3*p - 3. Determine y(l).
3
Let n(j) = 20*j + 15. Let o(r) = 5*r + 4. Let h(t) = -4*n(t) + 15*o(t). Let s be -3*4/(-6) - 1. What is h(s)?
-5
Let f(c) = c**3 + 8*c**2 + 4*c + 4. Let x be 24/(-8) - (-1)/(-1). Let n be f(x). Let q be (-4)/6 + n/(-12). Let o(i) = -i**2 - 3*i - 2. Determine o(q).
-12
Suppose 3*v - 16 = 5*u, 4*u - 8*u - 4*v = 0. Let d be (2/4)/(u/16). Let i(n) = -2*n + 6. Let j(s) = s - 1. Let t(q) = -i(q) - 3*j(q). Calculate t(d).
1
Let d(m) = -2*m**2 + m. Suppose 0 = 3*c + 2*c + 5. Let a be d(c). Let t be a*(-1)/(-2)*2. Let g(h) = h**2 + h - 1. Give g(t).
5
Let l(i) be the first derivative of -1/24*i**4 - 2 + 0*i - 1/12*i**5 - 1/6*i**3 - 3/2*i**2. Let z(u) be the second derivative of l(u). Calculate z(-1).
-5
Let j(t) be the third derivative of -t**5/60 + t**4/8 + 7*t**3/6 - 19*t**2. What is j(5)?
-3
Let q be (0/(-7))/(-1 + 2). Let x(w) be the second derivative of 1/20*w**5 + q*w**3 + 5/2*w**2 + 0 - 1/3*w**4 - 2*w. Determine x(4).
5
Let c(s) be the second derivative of -3*s**5/20 - s**4/6 + s**2/2 + 2*s. Let k be 3*((-16)/(-12) - 1). Give c(k).
-4
Let y(x) = 2*x**2. Let d(n) = n**2. Suppose -23 = -3*r - 8. Let s(v) = r*d(v) - 2*y(v). Give s(1).
1
Let p(a) = a**3 + 4*a**2 + 4*a + 3. Let r = -2 + 6. Suppose 5*z = q - 15, 5 = -r*z - 4*q - 7. Determine p(z).
0
Let w(d) be the third derivative of d**4/24 - 2*d**3/3 + 10*d**2. Calculate w(7).
3
Let f(o) = 1 + 144*o**3 + 8*o**2 - 1 - 2 - 145*o**3 - 7*o. Calculate f(7).
-2
Let i(f) = -2*f + 1. Let c be -2*(-1)/2 - 25. Let q be 6/1